prime factors of r?
2, 5
Suppose -3*q - 105 = 2*q. What are the prime factors of ((-7)/(q/(-102)))/(-2)?
17
Suppose g + 42 = w, 0 = -2*w - 0*w - 4*g + 108. What are the prime factors of w?
2, 23
Suppose 5*i + 4*d - d = 851, -4*d - 499 = -3*i. What are the prime factors of i?
13
Let y = 5 + -3. Suppose -g - 15 = -4*i + y, -3*g = i - 1. List the prime factors of i.
2
Let g be -3 - ((-1 - 1) + -1). Suppose g = -5*l - 1 + 56. What are the prime factors of l?
11
Let i = 3 - -14. What are the prime factors of i?
17
Let w(o) = -4*o - 2. Let a be w(-2). Suppose 5*t = 2*r + 10, -r - 29 = -a*r - t. Suppose -r*z = -5*l + 30, -4*z + z = -5*l + 28. List the prime factors of l.
5
Let t(z) be the second derivative of -5/6*z**3 + z + 1/12*z**4 + 2*z**2 + 0. What are the prime factors of t(6)?
2, 5
Let a(w) = -w**2 - w + 3. Let l be a(-3). What are the prime factors of 0 - 7*l/3?
7
Let b(h) = -2*h**3 + 4*h**2 + 2*h - 6. What are the prime factors of b(-3)?
2, 3, 13
Let o = -4 + 6. What are the prime factors of o?
2
Suppose -5*b - 27 - 21 = -3*q, 0 = -4*q + 5*b + 64. Suppose 28 + 40 = 2*p + a, 0 = p - 4*a - q. What are the prime factors of p?
2
Suppose d - 10 = 20. List the prime factors of d.
2, 3, 5
Let f be (2/3)/((-6)/9). What are the prime factors of 1/(0 + f/(-6))?
2, 3
Suppose -2*d - t + 10 = 0, 5*d + 4*t + 3 = 31. Let q(c) = -18*c - 1. Let s be q(-2). Suppose d*z - s = -z. What are the prime factors of z?
7
Suppose -2*l + 1 = -3*l, -4*k = -5*l - 73. What are the prime factors of k?
17
Let t(c) = -c**2 - 15*c + 29. List the prime factors of t(-12).
5, 13
Suppose 4*q = -t - t + 8, -2*t - 4 = 0. Let f(i) = 2 - q + 0 - 2*i. List the prime factors of f(-2).
3
Let h(x) = 2*x**2 - x + 5. What are the prime factors of h(-4)?
41
Suppose 0 = -y + 2*y - 2. Suppose 4*d - 10 = y*d. Let u = d - -2. List the prime factors of u.
7
Suppose -z - 2 = p - 0*z, 2*p - 24 = 5*z. Let u(l) = -4. Let f(c) = -c - 4. Let k(h) = -4*f(h) + 4*u(h). What are the prime factors of k(p)?
2
Let j = 119 - 82. List the prime factors of j.
37
Suppose -6 = 3*v, t - 9 = -2*v + 7*v. What are the prime factors of 25 + (-8)/(-3 + t)?
3
Let u = 10 - 7. Suppose 0 = -u*y + y. Suppose y*q + q = 12. What are the prime factors of q?
2, 3
Let r = 6 - -20. Suppose 3*z + r = 5*z. List the prime factors of z.
13
Let b(f) = -34*f**3 + f**2 - 3*f - 4. What are the prime factors of b(-1)?
2, 17
Let a be 2/(-6) + (-15)/9. Let c(m) = m**2 - m. Let q(z) = 5*z**2 + z + 1. Let u(n) = 4*c(n) - q(n). What are the prime factors of u(a)?
5
Let o = -12 + 17. Suppose 5*p = -4*l - 35, -o*l - 12 - 1 = -4*p. Let j(s) = s**3 + 5*s**2 - s - 3. What are the prime factors of j(p)?
2, 3
Suppose 0 = 2*z - 2*p, -2*z - 4*p = -8*p. Suppose 0 = -2*j + 5*b - 8*b + 5, z = -4*j - 2*b + 22. List the prime factors of j.
7
Suppose -4*g + 6 - 22 = 0, 4*g = j + 12. Let c = 18 + j. What are the prime factors of ((-48)/40)/(4/c)?
3
Suppose 0 = c - 7*c + 30. Let k = -3 - -6. Suppose -x + 3*x + c*l - 14 = 0, k*x = -l + 8. What are the prime factors of x?
2
Let h(x) = -x**3 - 2*x**2 - 2*x - 2. Let z be h(-2). Let t be (-8 - -5)*(-1 + z). Let b = 6 + t. What are the prime factors of b?
3
Let j = 19 + -31. Let v = 22 + j. What are the prime factors of v?
2, 5
Let d(z) = z**3 - 5*z**2 - 2*z + 1. Let h be 13/2 + (-6)/12. Let m be d(h). Suppose -a - 5*t = -2 - m, -5*a + 3*t = 5. What are the prime factors of a?
2
Suppose 7*i - 2*i + 730 = 0. Let u = -83 - i. Suppose -h - 2*h = -u. List the prime factors of h.
3, 7
Let h = 17 + -14. What are the prime factors of h?
3
Let j(t) = t**3 + 7*t**2 - 8*t. Let q be j(-8). Suppose -9*p + 13*p - 120 = q. List the prime factors of p.
2, 3, 5
Suppose i + r = -r + 18, -3*i = 2*r - 34. Suppose 5*z = -0 - 5. Let q = i + z. What are the prime factors of q?
7
Let t(i) = 7*i + 2. Let z be t(2). Let m = z - 22. What are the prime factors of m/(3/(-1))*4?
2
Suppose 47 = -3*l + 2*l. Let c = l - -73. What are the prime factors of c?
2, 13
Let y = 0 - -9. Let p be 399/y + 1/(-3). Suppose 0*l + p = 4*l. List the prime factors of l.
11
Let r be (-8)/(-36) + 148/(-18). Let y = r - -21. List the prime factors of y.
13
Suppose 3*j = 4*z - 0*z - 27, -2*z + 8 = 4*j. Suppose -158 = -z*p + 40. List the prime factors of p.
3, 11
Suppose 30 = 5*r + 10. Suppose -5*s + r = -3*s. List the prime factors of (2 + 0)/(s/15).
3, 5
Let j be 1/(-8) + (-1377)/(-72). Suppose -2*g = -2*q - j - 27, -q = 1. List the prime factors of g.
2, 11
Let g(f) = -f**3 + 3*f**2 + 4*f - 5. Let k be g(4). Let j = k + 9. What are the prime factors of (1 + (-3)/6)*j?
2
Let j be ((-48)/40)/((-4)/30). Let g = j + -5. List the prime factors of g.
2
Let v be (-11)/(-2) - 3/2. Let i be (-3)/(-18)*3*v. Suppose 3*k - 4*o = 26, -4*k + i*k = o + 1. What are the prime factors of k?
2
Let l(g) = -g**3 + 7*g**2 - 5*g - 6. Let s be l(6). Let v(d) = -d + 16. What are the prime factors of v(s)?
2
Suppose 0 = -4*i + 312 + 84. Let w = -68 + i. List the prime factors of w.
31
Suppose 0*h - 4*w - 916 = -4*h, 2*w - 898 = -4*h. List the prime factors of h.
2, 113
Suppose 2*v = 4*u + 88, -7*u + 25 = -2*u. List the prime factors of v.
2, 3
Suppose -n + 112 = 2*j, 0 = 3*j + 3*n + 43 - 205. What are the prime factors of j?
2, 29
Let v(n) = -6*n**3 + 6 + 4*n**3 - 9*n**2 + 9*n + 3*n**3. List the prime factors of v(8).
2, 7
Let w(f) = -f + 9. Let d be w(7). Suppose u - t + 2 = -d*t, 4*t + 8 = 5*u. What are the prime factors of 2/1 + u - -4?
2, 3
Suppose 0 = 3*p + 3*k - 81, -3*p + 55 = 4*k - 25. List the prime factors of p.
2, 7
Suppose -4*t + 8 = 0, -5*c - 3*t + 146 = -85. List the prime factors of c.
3, 5
Suppose 4 = -q + 14. Let r = q - 1. What are the prime factors of r?
3
Suppose 2*q - 185 = -3*q. List the prime factors of q.
37
Suppose -3 + 13 = -5*a. What are the prime factors of (2/7)/(a/(-14))?
2
Let a = 18 - 12. Let z be 2/a*45/5. Suppose 2*n = z*d - 4 + 11, -3*n + d + 7 = 0. List the prime factors of n.
2
Let i = -14 + 27. Suppose h - i = 2. Let t = -5 + h. List the prime factors of t.
2, 5
Let s be (-1 - 2) + (-28)/(-4). Suppose 5*g - s*v = -15, 7*g - 3*g + v + 12 = 0. Let o = g - -5. List the prime factors of o.
2
Let k(o) = o**2 - 5*o - 6. Let l be k(6). Suppose -20 = -2*h - 0*h - v, l = 4*h - 3*v - 60. List the prime factors of h.
2, 3
Let u(w) = 2*w + 44. List the prime factors of u(-19).
2, 3
Suppose -3*m = -o - 43 + 119, 4*m = 2*o - 104. Let h = -2 - m. What are the prime factors of h?
2, 11
Let n = 66 + -31. What are the prime factors of n?
5, 7
Let o = 5 + -3. Suppose o*n + 4*x - 40 = 0, -3*n + x + 25 = -0*n. Suppose -l + n = -4*t, 6 = l - 3*t + t. What are the prime factors of l?
2
Let u = 772 - 386. What are the prime factors of u?
2, 193
Let l = 1160 - 721. What are the prime factors of l?
439
Let x = 185 - 57. List the prime factors of x.
2
Let r(v) = 4*v**2 - 4*v + 3. Let q be r(2). Let p = 26 - q. What are the prime factors of p?
3, 5
What are the prime factors of (-2)/4 - (-575)/2?
7, 41
Let m be 2/(-10) - (-1038)/15. Suppose -m = -2*b + 3*i, -6*b + b + 177 = -3*i. What are the prime factors of b?
2, 3
Suppose -2*q + 2*k - 6 = 0, -4*q + 2*k + 3 - 9 = 0. Suppose q = 3*b - 9, -a + 15 = -0*a - b. List the prime factors of a.
2, 3
Let d = 0 + 2. Suppose w = -d*w + 36. List the prime factors of w.
2, 3
Suppose 5 = 2*t - 1. Suppose -5*o - r = -3*r - 5, -r + 14 = t*o. List the prime factors of o.
3
Suppose 2*i + 3 = 27. Let d(k) = 3*k - 5. Let h be d(4). Let b = i - h. What are the prime factors of b?
5
What are the prime factors of 3*((-86)/6)/(-1)?
43
Suppose 6*x = 4*x. Let n = 3 + 8. Let g = n - x. What are the prime factors of g?
11
Let v = 32 + 4. List the prime factors of v.
2, 3
Let l = 57 + -8. List the prime factors of l.
7
Suppose -142 = -v - 2*v - 2*h, -2*v = -2*h - 78. List the prime factors of v.
2, 11
Let i(b) = b**2 + 4. Let j(y) = y**3 + 3*y**2 - y. Suppose 5*x + 35 = -4*w, x - 2*w = 1 + 6. Let n be j(x). What are the prime factors of i(n)?
13
Suppose 2489 - 743 = 9*c. List the prime factors of c.
2, 97
Suppose 0 = p + 3*p + 104. Let u = -18 - p. List the prime factors of u.
2
Suppose 0 = 4*h - b - 56, 2*h + 2*b = 4*h - 34. What are the prime factors of h?
13
Suppose -2*l - 7 = 1. Suppose -3*o - j - 13 = 0, -o = 3*o + 5*j + 21. List the prime factors o